 of 3447?
4
What is the hundreds digit of 65054?
0
What is the units digit of 2980?
0
What is the units digit of 24720?
0
What is the units digit of 6644?
4
What is the units digit of 21065?
5
What is the units digit of 461?
1
What is the hundreds digit of 366?
3
What is the tens digit of 27773?
7
What is the thousands digit of 4028?
4
What is the units digit of 837?
7
What is the thousands digit of 5948?
5
What is the thousands digit of 1199?
1
What is the thousands digit of 1890?
1
What is the units digit of 1504?
4
What is the tens digit of 313?
1
What is the units digit of 9792?
2
What is the units digit of 31869?
9
What is the hundreds digit of 396?
3
What is the tens digit of 454?
5
What is the thousands digit of 1950?
1
What is the hundreds digit of 781?
7
What is the tens digit of 43210?
1
What is the thousands digit of 41580?
1
What is the thousands digit of 1386?
1
What is the thousands digit of 3999?
3
What is the units digit of 2077?
7
What is the hundreds digit of 6291?
2
What is the hundreds digit of 15845?
8
What is the thousands digit of 7983?
7
What is the units digit of 284?
4
What is the ten thousands digit of 13492?
1
What is the tens digit of 43301?
0
What is the hundreds digit of 2389?
3
What is the tens digit of 3016?
1
What is the hundreds digit of 2162?
1
What is the thousands digit of 36464?
6
What is the tens digit of 16315?
1
What is the units digit of 79124?
4
What is the tens digit of 425?
2
What is the units digit of 33843?
3
What is the hundreds digit of 193?
1
What is the units digit of 4840?
0
What is the thousands digit of 21319?
1
What is the hundreds digit of 9194?
1
What is the thousands digit of 14061?
4
What is the tens digit of 1393?
9
What is the tens digit of 48252?
5
What is the units digit of 53376?
6
What is the units digit of 2576?
6
What is the tens digit of 7083?
8
What is the ten thousands digit of 79979?
7
What is the tens digit of 1320?
2
What is the units digit of 1143?
3
What is the tens digit of 3091?
9
What is the units digit of 5074?
4
What is the hundreds digit of 551?
5
What is the units digit of 49805?
5
What is the hundreds digit of 8511?
5
What is the thousands digit of 14538?
4
What is the thousands digit of 34910?
4
What is the tens digit of 5294?
9
What is the thousands digit of 11124?
1
What is the tens digit of 98?
9
What is the hundreds digit of 8414?
4
What is the hundreds digit of 1456?
4
What is the units digit of 97070?
0
What is the tens digit of 4527?
2
What is the thousands digit of 18104?
8
What is the tens digit of 107908?
0
What is the tens digit of 4403?
0
What is the units digit of 1535?
5
What is the units digit of 57567?
7
What is the units digit of 63380?
0
What is the thousands digit of 9351?
9
What is the units digit of 21502?
2
What is the tens digit of 14356?
5
What is the thousands digit of 3674?
3
What is the units digit of 62934?
4
What is the units digit of 1326?
6
What is the thousands digit of 3672?
3
What is the thousands digit of 28443?
8
What is the hundreds digit of 27945?
9
What is the tens digit of 95?
9
What is the thousands digit of 1377?
1
What is the units digit of 41877?
7
What is the units digit of 29631?
1
What is the thousands digit of 1548?
1
What is the units digit of 3464?
4
What is the tens digit of 24135?
3
What is the thousands digit of 2707?
2
What is the units digit of 29?
9
What is the units digit of 8426?
6
What is the thousands digit of 9408?
9
What is the thousands digit of 6316?
6
What is the thousands digit of 117200?
7
What is the tens digit of 1034?
3
What is the units digit of 4?
4
What is the units digit of 1035?
5
What is the thousands digit of 2253?
2
What is the units digit of 1086?
6
What is the hundreds digit of 830?
8
What is the units digit of 99599?
9
What is the tens digit of 25885?
8
What is the tens digit of 598?
9
What is the hundreds digit of 2096?
0
What is the thousands digit of 72784?
2
What is the thousands digit of 12652?
2
What is the hundreds digit of 36859?
8
What is the hundreds digit of 713?
7
What is the hundreds digit of 12651?
6
What is the hundreds digit of 22905?
9
What is the tens digit of 1515?
1
What is the units digit of 40500?
0
What is the tens digit of 5045?
4
What is the tens digit of 7338?
3
What is the units digit of 98488?
8
What is the units digit of 39933?
3
What is the thousands digit of 15307?
5
What is the hundred thousands digit of 112486?
1
What is the units digit of 2284?
4
What is the hundreds digit of 17400?
4
What is the tens digit of 8616?
1
What is the hundreds digit of 787?
7
What is the thousands digit of 2487?
2
What is the tens digit of 31326?
2
What is the units digit of 33708?
8
What is the units digit of 1982?
2
What is the units digit of 120628?
8
What is the tens digit of 10353?
5
What is the units digit of 1724?
4
What is the hundred thousands digit of 154270?
1
What is the tens digit of 881?
8
What is the hundreds digit of 411?
4
What is the ten thousands digit of 37310?
3
What is the hundreds digit of 8310?
3
What is the units digit of 19450?
0
What is the ten thousands digit of 69535?
6
What is the ten thousands digit of 13594?
1
What is the hundreds digit of 12284?
2
What is the thousands digit of 1598?
1
What is the units digit of 666?
6
What is the thousands digit of 3784?
3
What is the hundreds digit of 1173?
1
What is the ten thousands digit of 19630?
1
What is the hundreds digit of 4156?
1
What is the hundreds digit of 62596?
5
What is the thousands digit of 1348?
1
What is the tens digit of 806?
0
What is the units digit of 1063?
3
What is the units digit of 1749?
9
What is the hundreds digit of 19061?
0
What is the tens digit of 3727?
2
What is the tens digit of 72304?
0
What is the hundreds digit of 21779?
7
What is the hundreds digit of 6300?
3
What is the units digit of 69960?
0
What is the tens digit of 7526?
2
What is the units digit of 3198?
8
What is the thousands digit of 1277?
1
What is the hundreds digit of 3329?
3
What is the hundreds digit of 190?
1
What is the hundreds digit of 371?
3
What is the thousands digit of 5029?
5
What is the thousands digit of 137296?
7
What is the tens digit of 23864?
6
What is the units digit of 2717?
7
What is the units digit of 653?
3
What is the hundreds digit of 405?
4
What is the tens digit of 150681?
8
What is the thousands digit of 48798?
8
What is the units digit of 33276?
6
What is the ten thousands digit of 94160?
9
What is the thousands digit of 1556?
1
What is the thousands digit of 5822?
5
What is the hundreds digit of 7614?
6
What is the thousands digit of 35264?
5
What is the units digit of 727?
7
What is the tens digit of 29887?
8
What is the units digit of 341?
1
What is the units digit of 73156?
6
What is the tens digit of 4673?
7
What is the ten thousands digit of 19432?
1
What is the hundreds digit of 7958?
9
What is the units digit of 4505?
5
What is the tens digit of 3743?
4
What is the hundreds digit of 184402?
4
What is the units digit of 6268?
8
What is the hundreds digit of 39627?
6
What is the tens digit of 619?
1
What is the units digit of 1525?
5
What is the thousands digit of 1734?
1
What is the hundreds digit of 730?
7
What is the units digit of 3960?
0
What is the units digit of 21883?
3
What is the tens digit of 12296?
9
What is the hundreds digit of 400?
4
What is the hundreds digit of 1893?
8
What is the units digit of 68723?
3
What is the tens digit of 10483?
8
What is the hundreds digit of 156?
1
What is the thousands digit of 18937?
8
What is the units digit of 434?
4
What is the tens digit of 30521?
2
What is the tens digit of 11944?
4
What is the thousands digit of 1488?
1
What is the hundreds digit of 2128?
1
What is the tens digit of 1505?
0
What is the hundreds digit of 1414?
4
What is the ten thousands digit of 24734?
2
What is the thousands digit of 7230?
7
What is the tens digit of 6826?
2
What is the hundreds digit of 2645?
6
What is the units digit of 3949?
9
What is the tens digit of 863?
6
What is the tens digit of 1009?
0
What is the hundreds digit of 4060?
0
What is the tens digit of 3437?
3
What is the hundreds digit of 655?
6
What is the units digit of 2427?
7
What is the hundreds digit of 181865?
8
What is the thousands digit of 38441?
8
What is the